. Suppose -532 = -5*p - r, s*p + r - 320 = -3*p. What is the tens digit of p?
0
Suppose -1085 = -3*u + 1603. What is the units digit of (-2)/(-6) + u/48?
9
Let d(c) be the third derivative of c**5/60 - c**4/24 + 11*c**3/3 - 27*c**2 - 2. Let j(k) = -k. Let y be j(0). What is the tens digit of d(y)?
2
Let w = -117 - -120. Suppose 0 = 4*m - f - 995, -3*m - w*f + 8*f + 742 = 0. What is the hundreds digit of m?
2
Suppose -4*s + 0*s - 35 = 5*q, -4*s = -3*q + 11. Let j be s*(-2 + 48/20). What is the tens digit of ((-43)/(-2))/(j/(-4))?
4
Suppose 0 = 2*k - 4*k - 4*p + 2568, -p = 3. What is the tens digit of k?
9
Let u be (0 - 2)*747/(-6). Suppose -u = -w - 2*w. What is the units digit of w?
3
Let d = 1077 + 2505. What is the hundreds digit of d?
5
Suppose -18*x + 9*x = -2250. What is the units digit of x?
0
Let b = -226 + 278. What is the tens digit of b?
5
Let g be 3/(6/8)*1. Let q be (-6)/g*(-48)/9. What is the units digit of (-22)/(-4) + (-4)/q?
5
Suppose -8*p + 16 = -8. Let f be p - 7 - 22/(-2). Suppose 0 = -f*t + 9*t - 62. What is the units digit of t?
1
Let t be 4*(-4)/8*1. Let q = 11 - t. What is the tens digit of q?
1
Let r = -1899 - -3195. What is the thousands digit of r?
1
Suppose 3*l + 5*f = 5100, 0 = -13*f + 8*f. What is the thousands digit of l?
1
Suppose 24 = 2*c - 0. Suppose 5*k + 2 = c. Suppose 2*o + 156 = 5*o - u, 3*u = -k*o + 115. What is the units digit of o?
3
Let o = 17 - 15. Suppose b + 5*h = 47, -h - o*h = b - 37. What is the tens digit of b?
2
Suppose -35*z + m = -36*z + 848, 3*m = -3. What is the tens digit of z?
4
Suppose 0 = -5*d + 304*k - 306*k + 15800, 3*d = 5*k + 9511. What is the hundreds digit of d?
1
Let t(w) = -3*w**2 + 13*w. Let s be t(4). Suppose k + 176 = 2*z, 0 = -s*z + 9*z + 2*k - 422. What is the units digit of z?
6
Let o(g) = 23*g**2 - 5*g + 1. What is the units digit of o(5)?
1
Suppose -3*q = -5 - 1, 2*u - 2*q - 4 = 0. Suppose -u*v + 6*v = -78. What is the units digit of 1 - (v - (0 + -1))?
9
Suppose d - 675 = -8*d. Let n = -37 + d. What is the tens digit of n?
3
Suppose 17*w - 5*g = 13*w + 863, -w = 2*g - 206. What is the tens digit of w?
1
Let l be 7*-44 + 0 + 2. Let y be (-3)/24*-4*l. What is the units digit of y/(-36) - (-1)/(-4)?
4
Suppose -3*j - 3*i = 2*i + 9, i + 15 = -5*j. What is the units digit of -4*(j - (-10)/8)?
7
Let d(x) = 164*x + 23. Let q(c) = 82*c + 11. Let z(u) = -4*d(u) + 9*q(u). Let o be z(-8). What is the units digit of (-1)/(-5) + o/(-55)?
2
Let f = 932 + 536. What is the tens digit of f?
6
Suppose -4*t + 1299 = -t. What is the units digit of t?
3
Let x(s) = -4*s**3 + 70*s**2 - 5*s + 12. What is the thousands digit of x(13)?
2
Let b = 142 - -330. What is the hundreds digit of b?
4
Let q(p) = 3*p**2 + 16*p + 19. What is the units digit of q(-15)?
4
Let l(q) = 19*q + 1. Let a be l(1). Suppose 4*o - a = -0*o. Suppose -2*r - 4*b = -20, -22 - 43 = -2*r + o*b. What is the units digit of r?
0
Let n be (1 - 5 - -3)/((-2)/18). Let t(r) = -r**2 + 19*r - 14. What is the tens digit of t(n)?
7
Let j(i) = i**3 - 10*i**2 + 5*i - 16. Let l be j(10). Let w = l + -17. What is the tens digit of w?
1
Suppose 4*q + 4*u = 2*q - 6, -4*q = 3*u - 3. Let n be (-6)/(-3) + q/3. Suppose 0 = -4*y - 0*d + d + 124, n*y - 98 = 2*d. What is the tens digit of y?
3
Let g = 156 + 459. What is the units digit of g?
5
Suppose -3*n = -b - 6 - 16, b + 4 = n. Let v be (-4)/(-12) + (-93)/n. What is the units digit of -50*(3 + 34/v)?
0
Let q(w) = 2*w**2 + 7*w + 4. What is the tens digit of q(-11)?
6
Suppose 5*y = 2*t - 223 - 224, y = 3. What is the tens digit of t?
3
Let k = -84 + 296. Suppose -k - 13 = -5*y. What is the tens digit of y?
4
Suppose -4*d = -2*d - 46. Let h = 25 - d. Suppose 3*y - 121 + 35 = -2*x, -94 = -h*x + y. What is the tens digit of x?
4
Suppose -5*o = 5*t - 55, -t + 29 = 2*t + 5*o. Let k = t + -8. Suppose -k - 21 = -2*z. What is the tens digit of z?
1
Let u = -296 - -566. What is the units digit of u?
0
What is the tens digit of (-420)/280*-58*(-2)/(-6)?
2
Suppose 143*j - 144*j - l + 978 = 0, 5*j = -4*l + 4893. What is the units digit of j?
1
Let n be (6/(-4))/(3/(-52)). Suppose 4*u + 2*m = -n + 224, -5*u - 5*m + 250 = 0. What is the tens digit of u?
4
Let t(w) = -w**3 + 7*w**2 - 3*w + 4. Let o be t(5). Let h be (-16)/24 - 1378/(-6). Suppose 0 = -4*u + o + h. What is the units digit of u?
7
Suppose -w - 27 = -a - 3*w, 5*a - w = 91. Let k(y) = y**2 + 1. Let s be k(1). Suppose -q - 53 = -2*u, -u - s*q = -0*u - a. What is the tens digit of u?
2
Suppose -1765 = -4*u - 1601. Let j(b) = -3*b - 4. Let y be j(-3). Suppose -y*p + u = -84. What is the tens digit of p?
2
Let i(b) = 14*b + 2. What is the tens digit of i(3)?
4
Suppose -149*s + 148*s + 18 = 0. What is the units digit of s?
8
Let g = 26 + -82. What is the tens digit of (g/3)/((-2)/6)?
5
Suppose -4*h = -5*u + 5641 - 16674, -h + 2758 = -u. What is the tens digit of h?
5
Let s(q) = 7*q + 2. Let i be s(4). Suppose 4*f + i = 306. Suppose -n + 2*n - f = 0. What is the units digit of n?
9
Suppose 2*h - 6*h + 84 = 0. Suppose v + h = 78. What is the tens digit of v?
5
What is the thousands digit of (7 - -2264)*3/18*6?
2
Suppose -10*s + 29025 = 5*s. What is the units digit of s?
5
Let s = -25 + 32. Let v = s - 3. Suppose 4*t - 39 = v*p + 85, 4 = -4*p. What is the units digit of t?
0
Let q = 47 + -5. Suppose 38*v = q*v - 688. What is the hundreds digit of v?
1
Let x(t) = t**2 + 2*t - 1. Let w be x(-2). Suppose -112 = 36*v + 140. Let y = w - v. What is the units digit of y?
6
Let d(b) = b + 17. Let o be d(-18). What is the hundreds digit of 10*70/4 - o - 0?
1
Let v(x) = -x + 4. Let q be -1 - 1/((-3)/9). Suppose -5*i = 43 + q. What is the tens digit of v(i)?
1
Let f(c) = c**2 - 12*c + 44. What is the tens digit of f(-16)?
9
Let s be (3 + -4 + 22)*2. Suppose 0 = u - f + 38, 0 = 2*u - u - 2*f + s. Let c = -21 - u. What is the tens digit of c?
1
Suppose 14 = 2*q + v, 2*q = -0*q - 5*v + 30. Suppose -5 + 20 = q*p. What is the units digit of ((-12)/8)/p*-4?
2
Let u be 2/3*2/((-4)/(-15)). Suppose 0*p - 60 = -u*p. What is the tens digit of p?
1
Suppose -2*t - 2*f + 2 = -5*t, 5*t + 5*f = 30. Let b = 468 + -468. Suppose 100 = t*u - b*u. What is the tens digit of u?
5
Let o be 6*(-3)/6 - -9. Let q = o - -42. What is the tens digit of q?
4
Let s(p) = p**3 - 5*p**2 + p - 3. Let i be s(5). Suppose -2*d + i + 0 = c, -c + 20 = -4*d. Let u = 11 + c. What is the tens digit of u?
1
Let x(h) = h**3 + 37*h**2 + 68*h + 5. What is the thousands digit of x(-29)?
4
Let p(f) be the first derivative of -5*f**2/2 + 12*f + 1. What is the tens digit of p(-7)?
4
Suppose 5*q = 24 + 1. Suppose 2*l - q = 5*x, -4*l + 4*x = l - 4. Suppose l = -5*c + 7 + 13. What is the units digit of c?
4
Let b(i) = -11*i - 1. Let u(d) = -32*d - 4. Let s(o) = 11*b(o) - 4*u(o). Let l be s(7). Let h = l + -26. What is the tens digit of h?
2
Suppose -o - 3*s = 8 + 3, -2*o = 2*s + 30. Let u = -13 - o. What is the units digit of (u - 0)/(10/5)?
2
What is the tens digit of (-4866)/30*4/8*-10?
1
Suppose -5 = -5*v, -5*v = -2*h - v + 2880. What is the units digit of h?
2
Let c(j) = 16*j - 7. Let r(v) = -2*v**3 - 5*v**2 + 2*v + 1. Let a be r(-3). What is the tens digit of c(a)?
5
Let v(l) = -l**2 - 12*l - 7. Let d be v(-11). Suppose 0*a - d*a + 160 = 0. What is the units digit of a?
0
Let d = -5059 + 8593. What is the thousands digit of d?
3
Let s = 182 + 967. What is the hundreds digit of s?
1
Let p = 1122 + -662. What is the units digit of p?
0
Let x = 3 - -1. Let m be (-33)/(-7) + x/14. Suppose 5*f + m = 0, y + 5*f = -0*y + 5. What is the tens digit of y?
1
Let g(a) = 221*a**2 + 3*a - 1. What is the units digit of g(1)?
3
Let g be (-8)/(-10)*105/(-6). Let d = 18 + g. What is the tens digit of ((-78)/(-12))/(1/d)?
2
Suppose -67*d + 7414 = -65*d. What is the tens digit of d?
0
Let x(k) = -2*k**3 - 6*k**2 - 8*k - 31. What is the thousands digit of x(-11)?
1
Let q be -30*((-8)/(-12) + -1)/2. Suppose -4*y + 5 = -c - 2, 27 = 4*y + 3*c. Suppose -y*x + 182 = -q*i, 3*x - 6*x + 190 = -i. What is the tens digit of x?
6
Suppose 1234 + 141 = u. What is the hundreds digit of u?
3
What is the units digit of (-2)/((-300)/525*14/2972)?
3
Let n = 925 + -242. What is the tens digit of n?
8
Let y(o) = -2*o + 4. Let s be y(4). Let w = 4 + s. Su